base 16) to base 11
2302a
2168 (base 10) to base 13
caa
What is 150 (base 6) in base 3?
2110
What is 124a3 (base 11) in base 2?
100010111101100
Convert -62153 (base 10) to base 2.
-1111001011001001
What is -223023 (base 4) in base 8?
-5313
What is 12200 (base 9) in base 4?
1333311
What is -2111122 (base 3) in base 2?
-11100100010
-3033 (base 5) to base 6
-1453
Convert 2bc (base 15) to base 9.
766
168c (base 13) to base 15
ebc
Convert 3110 (base 6) to base 12.
496
What is 6778 (base 9) in base 16?
1394
210100 (base 4) to base 16
910
-3ac (base 15) to base 8
-1505
What is -1965 (base 15) in base 16?
-1577
What is -122014 (base 6) in base 5?
-321220
What is 4d2b (base 14) in base 15?
4043
Convert 232455 (base 6) to base 5.
1120201
Convert -1002 (base 4) to base 3.
-2110
Convert -318 (base 10) to base 3.
-102210
Convert -14601 (base 8) to base 15.
-1e04
What is -1436 (base 8) in base 3?
-1002120
-2104 (base 5) to base 9
-340
Convert 4367 (base 8) to base 14.
b9d
What is 41114 (base 5) in base 16?
a63
What is -62308 (base 9) in base 16?
-a073
-737 (base 8) to base 2
-111011111
What is -342223 (base 5) in base 7?
-50351
What is -341100 (base 5) in base 3?
-121111101
b417 (base 12) to base 4
10302103
12433 (base 6) to base 3
2121010
What is 111111111101001 (base 2) in base 14?
bd0d
Convert -1012221101 (base 3) to base 9.
-35841
Convert 11221 (base 3) to base 14.
97
1102120 (base 3) to base 6
4453
Convert 6614 (base 8) to base 16.
d8c
Convert 12210 (base 6) to base 12.
1066
What is 454 (base 10) in base 2?
111000110
Convert 10122 (base 5) to base 7.
1634
210001 (base 3) to base 16
238
Convert cc (base 13) to base 2.
10101000
1000000110111110 (base 2) to base 8
100676
Convert -4fe (base 16) to base 4.
-103332
Convert -23d2 (base 14) to base 13.
-2b07
Convert -4bea (base 15) to base 3.
-211012211
Convert 2221000 (base 4) to base 3.
112211121
Convert 1427 (base 8) to base 12.
55b
-68541 (base 10) to base 2
-10000101110111101
What is 121422 (base 6) in base 11?
8086
What is -164 (base 15) in base 16?
-13f
-253411 (base 7) to base 5
-2444402
115 (base 11) to base 8
211
What is 3123221 (base 4) in base 8?
33351
Convert -5010 (base 9) to base 8.
-7106
Convert -524 (base 7) to base 4.
-10013
What is -fdb (base 16) in base 2?
-111111011011
What is -51215 (base 6) in base 10?
-6779
What is -50 (base 6) in base 7?
-42
Convert -2ee (base 15) to base 2.
-1010100010
What is 47a (base 11) in base 4?
20323
Convert 3aa (base 12) to base 6.
2334
150234 (base 6) to base 2
11100000001110
What is -180b4 (base 13) in base 16?
-b4cc
Convert -11000011000010 (base 2) to base 11.
-9418
-97c (base 13) to base 3
-2020011
What is 9a19 (base 12) in base 4?
10021311
Convert -24177 (base 9) to base 12.
-9451
What is 15656 (base 7) in base 8?
10543
Convert -13122 (base 5) to base 2.
-10000001101
What is 235124 (base 6) in base 16?
505c
What is -3401010 (base 5) in base 4?
-32201301
Convert 10001010111 (base 2) to base 15.
4e1
Convert -21110012 (base 3) to base 16.
-1538
What is -144243 (base 5) in base 12?
-3706
What is 4fdf (base 16) in base 8?
47737
Convert -978 (base 11) to base 3.
-1121111
Convert 1191 (base 10) to base 4.
102213
-2331a (base 11) to base 12
-1758b
What is -352664 (base 7) in base 13?
-22b5c
Convert -1b4a4 (base 12) to base 4.
-21313330
441145 (base 6) to base 9
55142
Convert 2241 (base 5) to base 2.
101000001
What is -213211 (base 4) in base 9?
-3424
What is -3ac (base 13) in base 4?
-22021
2221 (base 7) to base 3
1002121
What is 279 (base 10) in base 8?
427
What is 2001101 (base 3) in base 13?
8b0
What is -10000000111011 (base 2) in base 6?
-102111
-60433 (base 9) to base 14
-10692
What is -1db7 (base 14) in base 9?
-7428
What is -14555 (base 6) in base 12?
-145b
What is 284 (base 9) in base 4?
3232
Convert -3573 (base 11) to base 13.
-218b
Convert -439 (base 14) to base 11.
-69a
Convert -301113 (base 4) to base 15.
-e09
What is 12014 (base 5) in base 8?
1564
What is 461d (base 14) in base 4?
2332103
What is 56751 (base 8) in base 7?
130043
168 (base 13) to base 11
212
Convert 10b9 (base 13) to base 3.
10020000
What is -13032 (base 4) in base 3?
-122010
-45a (base 12) to base 13
-3a9
13212 (base 6) to base 8
3750
Convert -1b1a (base 12) to base 8.
-6406
Convert -130454 (base 6) to base 4.
-2321002
What is -4405 (base 9) in base 13?
-1628
What is 163 (base 13) in base 4?
3322
Convert 50074 (base 9) to base 2.
1000000001101000
What is 36 (base 11) in base 15?
29
-20 (base 12) to base 6
-40
Convert -4b (base 14) to base 2.
-1000011
-32532 (base 6) to base 3
-20012102
Convert -1042030 (base 6) to base 9.
-78650
Convert -323341 (base 6) to base 14.
-9a33
-1394b (base 12) to base 7
-142343
-802 (base 14) to base 11
-11a8
Convert 416 (base 10) to base 13.
260
Convert -2b4 (base 13) to base 4.
-13211
7742 (base 11) to base 8
23742
What is -1044 (base 5) in base 2?
-10010101
What is -1010101010 (base 2) in base 3?
-221021
What is -3532 (base 11) in base 9?
-6317
What is -584b (base 15) in base 7?
-105440
110111000101100 (base 2) to base 8
67054
-21201212 (base 3) to base 8
-13007
354520 (base 6) to base 8
74220
-110220121 (base 3) to base 14
-3604
Convert 21212 (base 5) to base 12.
9b4
101110111 (base 2) to base 9
456
Convert 26a (base 12) to base 10.
370
Convert 290a (base 13) to base 15.
1b50
What is 5db (base 15) in base 13?
7b5
What is 1b8c (base 14) in base 13?
2396
Convert -5098 (base 10) to base 14.
-1c02
What is -4027 (base 12) in base 7?
-26146
What is 2558 (base 11) in base 6?
23230
-13332 (base 5) to base 15
-4cc
122b0 (base 12) to base 4
12000210
Convert ba55 (base 12) to base 10.
20513
Convert 3428 (base 9) to base 12.
1575
What is 200101 (base 5) in base 8?
14204
What is 2202 (base 3) in base 6?
202
-632 (base 8) to base 6
-1522
What is -3b03 (base 13) in base 4?
-2010011
What is -284 (base 14) in base 8?
-774
-806 (base 15) to base 9
-2426
15041 (base 6) to base 7
10000
What is -21543 (base 6) in base 9?
-4120
What is 2213 (base 4) in base 6?
435
-27686 (base 10) to base 14
-a138
What is a1d (base 16) in base 3?
10112220
Convert 115241 (base 6) to base 5.
311444
Convert 100011110 (base 2) to base 15.
141
Convert -13132323 (base 4) to base 5.
-1440101
Convert d787 (base 14) to base 8.
110453
-414 (base 10) to base 5
-3124
Convert -20200 (base 6) to base 12.
-1660
What is -1aa (base 15) in base 6?
-1441
Convert -13321112 (base 4) to base 12.
-16872
Convert 1608 (base 11) to base 10.
2065
What is 620 (base 7) in base 16?
134
370f (base 16) to base 15
429a
What is 603 (base 10) in base 6?
2443
What is 177341 (base 8) in base 7?
361142
-362 (base 12) to base 9
-622
Convert -11200 (base 4) to base 15.
-187
What is 21301 (base 5) in base 15?
66b
Convert -15355 (base 9) to base 6.
-120335
What is -48cc (base 13) in base 10?
-10308
What is 1243 (base 15) in base 14?
15ba
What is 287 (base 11) in base 3?
110111
What is 3201 (base 7) in base 15?
503
-4320 (base 7) to base 2
-10111111101
-11179 (base 10) to base 13
-511c
22 (base 6) to base 11
13
Convert 1321 (base 4) to base 7.
232
Convert 87ba (base 15) to base 10.
28750
What is 28 (base 16) in base 4?
220
What is 3032301 (base 4) in base 8?
31661
What is -1101021 (base 3) in base 11?
-835
Convert 1111013 (base 4) to base 10.
5447
-1b49 (base 13) to base 8
-10025
What is 164a (base 13) in base 7?
12354
What is 1a33 (base 12) in base 2?
110010000111
2078 (base 13) to base 7
16046
-947 (base 10) to base 8
-1663
Convert 57 (base 15) to base 11.
75
-1b2 (base 13) to base 15
-15e
What is 125655 (base 7) in base 10?
23658
What is 6240 (base 7) in base 11?
1706
What is 894 (base 10) in base 11?
743
What is -457b (base 15) in base 2?
-11100110010101
What is 1665 (base 8) in base 4?
32311
Convert 452 (base 11) to base 9.
661
Convert -1210022 (base 3) to base 14.
-692
-306 (base 9) to base 11
-207
What is -3251 (base 8) in base 5?
-23310
Convert 158 (base 11) to base 7.
352
Convert 33010 (base 9) to base 5.
1200004
What is -1b69b (base 13) in base 9?
-81805
2024 (base 8) to base 15
499
Convert -c81 (base 13) to base 8.
-4125
Convert -490 (base 10) to base 9.
-604
Convert -16112 (base 8) to base 6.
-53310
What is 42c (base 16) in base 9?
1416
Convert 7469 (base 10) to base 14.
2a17
What is 2c (base 14) in base 7?
55
Conve